{"id":770,"date":"2024-05-02T18:54:29","date_gmt":"2024-05-02T16:54:29","guid":{"rendered":"https:\/\/www.leipzig-heymann.de\/?page_id=770"},"modified":"2024-05-07T00:03:20","modified_gmt":"2024-05-06T22:03:20","slug":"staerken-und-nutzen-der-kulturellen-vielfalt-leipzig","status":"publish","type":"page","link":"https:\/\/www.leipzig-heymann.de\/index.php\/staerken-und-nutzen-der-kulturellen-vielfalt-leipzig\/","title":{"rendered":"St\u00e4rken und Nutzen der kulturellen Vielfalt Leipzig"},"content":{"rendered":"<p><a  href=\"https:\/\/www.leipzig-heymann.de\/wp-content\/uploads\/2024\/05\/kulturelle_Vielfalt-scaled.jpg\" data-rel=\"lightbox-gallery-0\" data-rl_title=\"kulturelle Vielfalt\" data-rl_caption=\"\" title=\"kulturelle Vielfalt\"><img loading=\"lazy\" decoding=\"async\" class=\"alignleft wp-image-898 size-medium\" src=\"https:\/\/www.leipzig-heymann.de\/wp-content\/uploads\/2024\/05\/kulturelle_Vielfalt-225x300.jpg\" alt=\"\" width=\"225\" height=\"300\" srcset=\"https:\/\/www.leipzig-heymann.de\/wp-content\/uploads\/2024\/05\/kulturelle_Vielfalt-225x300.jpg 225w, https:\/\/www.leipzig-heymann.de\/wp-content\/uploads\/2024\/05\/kulturelle_Vielfalt-768x1024.jpg 768w, https:\/\/www.leipzig-heymann.de\/wp-content\/uploads\/2024\/05\/kulturelle_Vielfalt-1152x1536.jpg 1152w, https:\/\/www.leipzig-heymann.de\/wp-content\/uploads\/2024\/05\/kulturelle_Vielfalt-1536x2048.jpg 1536w, https:\/\/www.leipzig-heymann.de\/wp-content\/uploads\/2024\/05\/kulturelle_Vielfalt-scaled.jpg 1920w\" sizes=\"auto, (max-width: 225px) 100vw, 225px\" \/><\/a>Das Leipziger Zentrum und die zentrumsnahen Stadtteile atmen Kultur. Die <strong>Vielfalt des kulturellen Lebens<\/strong> sichtbar und erlebbar zu machen, f\u00fcr den Touristen und den B\u00fcrger, ist eine der herausragenden Forderungen f\u00fcr meinen Wahlkreis. Projekte wie die Leipziger Notenspur <strong><a href=\"http:\/\/www.notenspur-leipzig.de\/\" target=\"_blank\" rel=\"noopener\">www.notenspur-leipzig.de<\/a><\/strong> aber auch Projekte rund um die Kreativwirtschaft erfahren dazu meine besondere Unterst\u00fctzung.<\/p>\n<p>In Leipzigs Mitte sind nicht nur Touristen zu finden. Hier leben auch Menschen. F\u00fcr deren allt\u00e4glichen Belange und Herausforderungen braucht es auch das Angebot soziokultureller Einrichtungen, um so manchen Kind, Jugendlichen, Senior usw. eine kulturelle Heimat und Orte zum Austausch zu geben.<\/p>\n","protected":false},"excerpt":{"rendered":"<p>Das Leipziger Zentrum und die zentrumsnahen Stadtteile atmen Kultur. Die Vielfalt des kulturellen Lebens sichtbar und erlebbar zu machen, f\u00fcr den Touristen und den B\u00fcrger, ist eine der herausragenden Forderungen f\u00fcr meinen Wahlkreis. Projekte wie die Leipziger Notenspur www.notenspur-leipzig.de aber auch Projekte rund um die Kreativwirtschaft erfahren dazu meine besondere Unterst\u00fctzung. In Leipzigs Mitte sind <a class=\"more-link\" href=\"https:\/\/www.leipzig-heymann.de\/index.php\/staerken-und-nutzen-der-kulturellen-vielfalt-leipzig\/\">Weiterlesen\u00a0\u2026<\/a><\/p>\n","protected":false},"author":1,"featured_media":0,"parent":0,"menu_order":0,"comment_status":"closed","ping_status":"closed","template":"","meta":{"footnotes":""},"class_list":["post-770","page","type-page","status-publish","hentry"],"yoast_head":"<!-- This site is optimized with the Yoast SEO plugin v27.5 - https:\/\/yoast.com\/product\/yoast-seo-wordpress\/ -->\n<title>St\u00e4rken und Nutzen der kulturellen Vielfalt Leipzig - DIE LEIPZIGER UNION<\/title>\n<meta name=\"robots\" content=\"index, follow, max-snippet:-1, max-image-preview:large, max-video-preview:-1\" \/>\n<link rel=\"canonical\" href=\"https:\/\/www.leipzig-heymann.de\/index.php\/staerken-und-nutzen-der-kulturellen-vielfalt-leipzig\/\" \/>\n<meta property=\"og:locale\" content=\"de_DE\" \/>\n<meta property=\"og:type\" content=\"article\" \/>\n<meta property=\"og:title\" content=\"St\u00e4rken und Nutzen der kulturellen Vielfalt Leipzig - DIE LEIPZIGER UNION\" \/>\n<meta property=\"og:description\" content=\"Das Leipziger Zentrum und die zentrumsnahen Stadtteile atmen Kultur. Die Vielfalt des kulturellen Lebens sichtbar und erlebbar zu machen, f\u00fcr den Touristen und den B\u00fcrger, ist eine der herausragenden Forderungen f\u00fcr meinen Wahlkreis. Projekte wie die Leipziger Notenspur www.notenspur-leipzig.de aber auch Projekte rund um die Kreativwirtschaft erfahren dazu meine besondere Unterst\u00fctzung. In Leipzigs Mitte sind Weiterlesen\u00a0\u2026\" \/>\n<meta property=\"og:url\" content=\"https:\/\/www.leipzig-heymann.de\/index.php\/staerken-und-nutzen-der-kulturellen-vielfalt-leipzig\/\" \/>\n<meta property=\"og:site_name\" content=\"DIE LEIPZIGER UNION\" \/>\n<meta property=\"article:publisher\" content=\"https:\/\/www.facebook.com\/ts.heymann\" \/>\n<meta property=\"article:modified_time\" content=\"2024-05-06T22:03:20+00:00\" \/>\n<meta name=\"twitter:card\" content=\"summary_large_image\" \/>\n<script type=\"application\/ld+json\" class=\"yoast-schema-graph\">{\"@context\":\"https:\\\/\\\/schema.org\",\"@graph\":[{\"@type\":\"WebPage\",\"@id\":\"https:\\\/\\\/www.leipzig-heymann.de\\\/index.php\\\/staerken-und-nutzen-der-kulturellen-vielfalt-leipzig\\\/\",\"url\":\"https:\\\/\\\/www.leipzig-heymann.de\\\/index.php\\\/staerken-und-nutzen-der-kulturellen-vielfalt-leipzig\\\/\",\"name\":\"St\u00e4rken und Nutzen der kulturellen Vielfalt Leipzig - DIE LEIPZIGER UNION\",\"isPartOf\":{\"@id\":\"https:\\\/\\\/www.leipzig-heymann.de\\\/#website\"},\"primaryImageOfPage\":{\"@id\":\"https:\\\/\\\/www.leipzig-heymann.de\\\/index.php\\\/staerken-und-nutzen-der-kulturellen-vielfalt-leipzig\\\/#primaryimage\"},\"image\":{\"@id\":\"https:\\\/\\\/www.leipzig-heymann.de\\\/index.php\\\/staerken-und-nutzen-der-kulturellen-vielfalt-leipzig\\\/#primaryimage\"},\"thumbnailUrl\":\"https:\\\/\\\/www.leipzig-heymann.de\\\/wp-content\\\/uploads\\\/2024\\\/05\\\/kulturelle_Vielfalt-225x300.jpg\",\"datePublished\":\"2024-05-02T16:54:29+00:00\",\"dateModified\":\"2024-05-06T22:03:20+00:00\",\"breadcrumb\":{\"@id\":\"https:\\\/\\\/www.leipzig-heymann.de\\\/index.php\\\/staerken-und-nutzen-der-kulturellen-vielfalt-leipzig\\\/#breadcrumb\"},\"inLanguage\":\"de\",\"potentialAction\":[{\"@type\":\"ReadAction\",\"target\":[\"https:\\\/\\\/www.leipzig-heymann.de\\\/index.php\\\/staerken-und-nutzen-der-kulturellen-vielfalt-leipzig\\\/\"]}]},{\"@type\":\"ImageObject\",\"inLanguage\":\"de\",\"@id\":\"https:\\\/\\\/www.leipzig-heymann.de\\\/index.php\\\/staerken-und-nutzen-der-kulturellen-vielfalt-leipzig\\\/#primaryimage\",\"url\":\"https:\\\/\\\/www.leipzig-heymann.de\\\/wp-content\\\/uploads\\\/2024\\\/05\\\/kulturelle_Vielfalt-scaled.jpg\",\"contentUrl\":\"https:\\\/\\\/www.leipzig-heymann.de\\\/wp-content\\\/uploads\\\/2024\\\/05\\\/kulturelle_Vielfalt-scaled.jpg\",\"width\":1920,\"height\":2560},{\"@type\":\"BreadcrumbList\",\"@id\":\"https:\\\/\\\/www.leipzig-heymann.de\\\/index.php\\\/staerken-und-nutzen-der-kulturellen-vielfalt-leipzig\\\/#breadcrumb\",\"itemListElement\":[{\"@type\":\"ListItem\",\"position\":1,\"name\":\"Startseite\",\"item\":\"https:\\\/\\\/www.leipzig-heymann.de\\\/index.php\\\/home\\\/\"},{\"@type\":\"ListItem\",\"position\":2,\"name\":\"St\u00e4rken und Nutzen der kulturellen Vielfalt Leipzig\"}]},{\"@type\":\"WebSite\",\"@id\":\"https:\\\/\\\/www.leipzig-heymann.de\\\/#website\",\"url\":\"https:\\\/\\\/www.leipzig-heymann.de\\\/\",\"name\":\"DIE LEIPZIGER UNION\",\"description\":\"Christlich Demokratische Union Deutschlands \",\"publisher\":{\"@id\":\"https:\\\/\\\/www.leipzig-heymann.de\\\/#organization\"},\"potentialAction\":[{\"@type\":\"SearchAction\",\"target\":{\"@type\":\"EntryPoint\",\"urlTemplate\":\"https:\\\/\\\/www.leipzig-heymann.de\\\/?s={search_term_string}\"},\"query-input\":{\"@type\":\"PropertyValueSpecification\",\"valueRequired\":true,\"valueName\":\"search_term_string\"}}],\"inLanguage\":\"de\"},{\"@type\":\"Organization\",\"@id\":\"https:\\\/\\\/www.leipzig-heymann.de\\\/#organization\",\"name\":\"DIE LEIPZIGER UNION\",\"url\":\"https:\\\/\\\/www.leipzig-heymann.de\\\/\",\"logo\":{\"@type\":\"ImageObject\",\"inLanguage\":\"de\",\"@id\":\"https:\\\/\\\/www.leipzig-heymann.de\\\/#\\\/schema\\\/logo\\\/image\\\/\",\"url\":\"https:\\\/\\\/www.leipzig-heymann.de\\\/wp-content\\\/uploads\\\/2024\\\/05\\\/CDU-Logo.jpg\",\"contentUrl\":\"https:\\\/\\\/www.leipzig-heymann.de\\\/wp-content\\\/uploads\\\/2024\\\/05\\\/CDU-Logo.jpg\",\"width\":512,\"height\":250,\"caption\":\"DIE LEIPZIGER UNION\"},\"image\":{\"@id\":\"https:\\\/\\\/www.leipzig-heymann.de\\\/#\\\/schema\\\/logo\\\/image\\\/\"},\"sameAs\":[\"https:\\\/\\\/www.facebook.com\\\/ts.heymann\"]}]}<\/script>\n<!-- \/ Yoast SEO plugin. -->","yoast_head_json":{"title":"St\u00e4rken und Nutzen der kulturellen Vielfalt Leipzig - DIE LEIPZIGER UNION","robots":{"index":"index","follow":"follow","max-snippet":"max-snippet:-1","max-image-preview":"max-image-preview:large","max-video-preview":"max-video-preview:-1"},"canonical":"https:\/\/www.leipzig-heymann.de\/index.php\/staerken-und-nutzen-der-kulturellen-vielfalt-leipzig\/","og_locale":"de_DE","og_type":"article","og_title":"St\u00e4rken und Nutzen der kulturellen Vielfalt Leipzig - DIE LEIPZIGER UNION","og_description":"Das Leipziger Zentrum und die zentrumsnahen Stadtteile atmen Kultur. Die Vielfalt des kulturellen Lebens sichtbar und erlebbar zu machen, f\u00fcr den Touristen und den B\u00fcrger, ist eine der herausragenden Forderungen f\u00fcr meinen Wahlkreis. Projekte wie die Leipziger Notenspur www.notenspur-leipzig.de aber auch Projekte rund um die Kreativwirtschaft erfahren dazu meine besondere Unterst\u00fctzung. In Leipzigs Mitte sind Weiterlesen\u00a0\u2026","og_url":"https:\/\/www.leipzig-heymann.de\/index.php\/staerken-und-nutzen-der-kulturellen-vielfalt-leipzig\/","og_site_name":"DIE LEIPZIGER UNION","article_publisher":"https:\/\/www.facebook.com\/ts.heymann","article_modified_time":"2024-05-06T22:03:20+00:00","twitter_card":"summary_large_image","schema":{"@context":"https:\/\/schema.org","@graph":[{"@type":"WebPage","@id":"https:\/\/www.leipzig-heymann.de\/index.php\/staerken-und-nutzen-der-kulturellen-vielfalt-leipzig\/","url":"https:\/\/www.leipzig-heymann.de\/index.php\/staerken-und-nutzen-der-kulturellen-vielfalt-leipzig\/","name":"St\u00e4rken und Nutzen der kulturellen Vielfalt Leipzig - DIE LEIPZIGER UNION","isPartOf":{"@id":"https:\/\/www.leipzig-heymann.de\/#website"},"primaryImageOfPage":{"@id":"https:\/\/www.leipzig-heymann.de\/index.php\/staerken-und-nutzen-der-kulturellen-vielfalt-leipzig\/#primaryimage"},"image":{"@id":"https:\/\/www.leipzig-heymann.de\/index.php\/staerken-und-nutzen-der-kulturellen-vielfalt-leipzig\/#primaryimage"},"thumbnailUrl":"https:\/\/www.leipzig-heymann.de\/wp-content\/uploads\/2024\/05\/kulturelle_Vielfalt-225x300.jpg","datePublished":"2024-05-02T16:54:29+00:00","dateModified":"2024-05-06T22:03:20+00:00","breadcrumb":{"@id":"https:\/\/www.leipzig-heymann.de\/index.php\/staerken-und-nutzen-der-kulturellen-vielfalt-leipzig\/#breadcrumb"},"inLanguage":"de","potentialAction":[{"@type":"ReadAction","target":["https:\/\/www.leipzig-heymann.de\/index.php\/staerken-und-nutzen-der-kulturellen-vielfalt-leipzig\/"]}]},{"@type":"ImageObject","inLanguage":"de","@id":"https:\/\/www.leipzig-heymann.de\/index.php\/staerken-und-nutzen-der-kulturellen-vielfalt-leipzig\/#primaryimage","url":"https:\/\/www.leipzig-heymann.de\/wp-content\/uploads\/2024\/05\/kulturelle_Vielfalt-scaled.jpg","contentUrl":"https:\/\/www.leipzig-heymann.de\/wp-content\/uploads\/2024\/05\/kulturelle_Vielfalt-scaled.jpg","width":1920,"height":2560},{"@type":"BreadcrumbList","@id":"https:\/\/www.leipzig-heymann.de\/index.php\/staerken-und-nutzen-der-kulturellen-vielfalt-leipzig\/#breadcrumb","itemListElement":[{"@type":"ListItem","position":1,"name":"Startseite","item":"https:\/\/www.leipzig-heymann.de\/index.php\/home\/"},{"@type":"ListItem","position":2,"name":"St\u00e4rken und Nutzen der kulturellen Vielfalt Leipzig"}]},{"@type":"WebSite","@id":"https:\/\/www.leipzig-heymann.de\/#website","url":"https:\/\/www.leipzig-heymann.de\/","name":"DIE LEIPZIGER UNION","description":"Christlich Demokratische Union Deutschlands ","publisher":{"@id":"https:\/\/www.leipzig-heymann.de\/#organization"},"potentialAction":[{"@type":"SearchAction","target":{"@type":"EntryPoint","urlTemplate":"https:\/\/www.leipzig-heymann.de\/?s={search_term_string}"},"query-input":{"@type":"PropertyValueSpecification","valueRequired":true,"valueName":"search_term_string"}}],"inLanguage":"de"},{"@type":"Organization","@id":"https:\/\/www.leipzig-heymann.de\/#organization","name":"DIE LEIPZIGER UNION","url":"https:\/\/www.leipzig-heymann.de\/","logo":{"@type":"ImageObject","inLanguage":"de","@id":"https:\/\/www.leipzig-heymann.de\/#\/schema\/logo\/image\/","url":"https:\/\/www.leipzig-heymann.de\/wp-content\/uploads\/2024\/05\/CDU-Logo.jpg","contentUrl":"https:\/\/www.leipzig-heymann.de\/wp-content\/uploads\/2024\/05\/CDU-Logo.jpg","width":512,"height":250,"caption":"DIE LEIPZIGER UNION"},"image":{"@id":"https:\/\/www.leipzig-heymann.de\/#\/schema\/logo\/image\/"},"sameAs":["https:\/\/www.facebook.com\/ts.heymann"]}]}},"_links":{"self":[{"href":"https:\/\/www.leipzig-heymann.de\/index.php\/wp-json\/wp\/v2\/pages\/770","targetHints":{"allow":["GET"]}}],"collection":[{"href":"https:\/\/www.leipzig-heymann.de\/index.php\/wp-json\/wp\/v2\/pages"}],"about":[{"href":"https:\/\/www.leipzig-heymann.de\/index.php\/wp-json\/wp\/v2\/types\/page"}],"author":[{"embeddable":true,"href":"https:\/\/www.leipzig-heymann.de\/index.php\/wp-json\/wp\/v2\/users\/1"}],"replies":[{"embeddable":true,"href":"https:\/\/www.leipzig-heymann.de\/index.php\/wp-json\/wp\/v2\/comments?post=770"}],"version-history":[{"count":4,"href":"https:\/\/www.leipzig-heymann.de\/index.php\/wp-json\/wp\/v2\/pages\/770\/revisions"}],"predecessor-version":[{"id":949,"href":"https:\/\/www.leipzig-heymann.de\/index.php\/wp-json\/wp\/v2\/pages\/770\/revisions\/949"}],"wp:attachment":[{"href":"https:\/\/www.leipzig-heymann.de\/index.php\/wp-json\/wp\/v2\/media?parent=770"}],"curies":[{"name":"wp","href":"https:\/\/api.w.org\/{rel}","templated":true}]}}